d by 21.
20
Let k(m) = m + 16. Let d = 4 + -2. Calculate the remainder when (-3)/6 + 43/d is divided by k(-5).
10
Calculate the remainder when 82/3*3 - -1 is divided by 28.
27
Let a(y) = -y - 2. Let k be a(-7). Suppose 0 = 3*r + k*s - 160, r + 4*r - s - 276 = 0. What is the remainder when r is divided by 19?
17
Suppose -8 - 12 = -4*u. Suppose p - 2*x = -2, -p - 3*x + 13 = -u. Calculate the remainder when 17 is divided by p.
5
Let y(p) = 2*p**2 + 10*p + 6. Let l be y(-5). Let m(z) = 3*z**3 + 5*z**2 + 6*z + 8 - z**3 - 3*z**3. Calculate the remainder when m(l) is divided by 3.
2
Let l(j) = 2*j. Let u be l(3). Let z = -4 + u. Let f = 5 - 2. What is the remainder when f is divided by z?
1
Let s = 15 + -8. What is the remainder when 18 is divided by s?
4
Suppose -8*j = -4*j - 416. Let o be (-4)/3*3/(-1). Suppose 31 = 3*s - a - 28, -5*a + j = o*s. Calculate the remainder when s is divided by 12.
9
Calculate the remainder when 38 is divided by 17 + (-5)/((-10)/6).
18
Suppose 3*x + 3*l - 104 = -2, 0 = 5*x + l - 170. Let o(n) = -n + 18. Calculate the remainder when x is divided by o(6).
10
Let b = -6 + 11. Let s(z) = -5*z + 6. Let j be s(6). Let m = j - -37. What is the remainder when m is divided by b?
3
Suppose 5*v + 4*w + 66 = 159, -4*w + 25 = v. Let s be ((-22)/(-3))/((-16)/(-360)). Suppose -2*f = 3*f - s. What is the remainder when f is divided by v?
16
Let q be ((-2)/7)/((-1)/7). Suppose 6*g - 60 = q*g. What is the remainder when 44 is divided by g?
14
Let u(s) = s - 1. Let g be u(-1). Let o(m) = 4*m**2 + m. Calculate the remainder when 25 is divided by o(g).
11
Suppose -7*j - 42 = -10*j. Calculate the remainder when j is divided by 4.
2
Suppose -3*u = -w + 3*w - 184, -3*u - 5*w = -172. What is the remainder when u is divided by 22?
20
Suppose -6 - 14 = z. Let t = -8 - z. What is the remainder when 16 is divided by -5*(-1 + t/(-15))?
7
Let d(q) = q**2 - 4*q + 6. Calculate the remainder when 187 is divided by d(-4).
35
Let n = 53 - 44. Calculate the remainder when 25 is divided by n.
7
Let f = 15 - 3. Let i = 16 + -9. What is the remainder when f is divided by i?
5
Let t(h) = h**3 + 8*h**2 + 6*h - 5. What is the remainder when t(-6) is divided by 11?
9
Suppose -4*g = g. Let d(h) = h + 2. Let y be d(g). Suppose y*k = 5*k - 102. Calculate the remainder when k is divided by 12.
10
Suppose 3*a = -0*u + 3*u + 48, -2*a + 4*u = -28. Calculate the remainder when 51 is divided by a.
15
Let k = -10 - -19. Suppose 0 = 2*v - 5*p + 13, 3 = 4*v - 3*p - 6. Suppose -v*y = -y - 15, 3*t - 3*y = 69. What is the remainder when t is divided by k?
8
Suppose -3*i + 36 = 3*k, -3*i - 5*k = -2*i. Calculate the remainder when i is divided by 9.
6
Let x = -13 + 18. Let i = -57 - -109. Suppose n = -3*n + i. What is the remainder when n is divided by x?
3
Let y(s) = -5 - s + 4 + 3. Calculate the remainder when 3 is divided by y(0).
1
Let x(n) = n - 3. Let o be x(8). Suppose -o*k - 5*p + 70 = 0, -k + 3*p + 110 = 4*k. Suppose -2*g = -59 - 15. Calculate the remainder when g is divided by k.
18
Suppose 3 = 4*b - 29. Suppose -2*t + 62 = -z, 3*t + 0*t - 2*z - 95 = 0. What is the remainder when t is divided by b?
5
Let d = 39 - -117. Suppose -4*q - 6*h + h + d = 0, 3*q - 3*h - 90 = 0. Let i = q - 22. Calculate the remainder when 23 is divided by i.
11
Let n be -2*2/(-4) + 3. Suppose n*a - h = 196, -35 = -2*a + 4*h + 63. What is the remainder when a is divided by 17?
15
Suppose 2*z + 1 - 9 = 0. Let j(u) = -11*u**3 - u**2 - 2*u - 1. Calculate the remainder when (z - 5)/(2/(-40)) is divided by j(-1).
9
Let l be (6/(-5))/((-15)/50). Suppose -l*r + 32 = 4*g, 3*r - 34 = -g - 4*g. What is the remainder when 7 is divided by r?
1
Let q = 19 - 13. What is the remainder when q is divided by 129/45 - (-2)/15?
0
Suppose -288 = -0*m - 4*m. Calculate the remainder when m is divided by 25.
22
Suppose 36 = 3*b + 3. What is the remainder when b is divided by 7?
4
Suppose -8 = -3*v + 10. Suppose -v*c = -3*c - 60. Suppose o - 6 = c. Calculate the remainder when o is divided by 9.
8
Let u = 5 - 8. What is the remainder when -1 + 23 - (0 + u) is divided by 7?
4
Let g(h) = -13*h - 1. Let r be g(1). Let v(q) = -q - 1. What is the remainder when ((-24)/r)/(6/21) is divided by v(-5)?
2
Suppose 0 = 5*w + s + 15, 0*w + w - 5*s = 23. Let z be -6*(-3)/(-9)*w. Suppose z = 4*c - 4. What is the remainder when c is divided by 2?
0
Suppose -3 = -3*u + 5*b, 4*u - 5 = 2*b - 1. What is the remainder when 4 is divided by u?
0
Let t(w) be the third derivative of -w**4/24 + w**3/3 + 5*w**2. What is the remainder when 20 is divided by t(-5)?
6
Let i(l) = -l**2 + 5*l - 3. Let j be i(4). Let k = -4 - -9. What is the remainder when k is divided by j/(1/(-1)) + 3?
1
Let b(w) = w**3 + 10*w**2 + 3*w + 17. What is the remainder when b(-9) is divided by 18?
17
Suppose 2*m + s - 325 = 0, -3*m + 2*m + 176 = 5*s. Calculate the remainder when m is divided by 27.
26
Suppose -18*b - 28 = -14*b. Let c = -1 - b. What is the remainder when 3/((-6)/(-20)) + 1 is divided by c?
5
Suppose 5*l = 4*x + 52, -47 = -4*l + x - 1. Calculate the remainder when 45 is divided by l.
9
Suppose -11 = -4*m + 1. Suppose f = -5*y + 5*f + 84, 0 = -m*y + 5*f + 53. Let d = y + 22. Calculate the remainder when d is divided by 20.
18
Let k = 0 - 0. Suppose -3*b + k*b = -15. Calculate the remainder when (-3)/(9/(-30)) + -1 is divided by b.
4
Suppose 4*g = -l + 184, 0*l + 2*l = 2*g - 82. Let b = -17 + g. Suppose 4*z = 5*w - 66, -10 + 30 = -5*z. Calculate the remainder when b is divided by w.
8
Let r(a) = -3*a + 2. Let y be 6/(-42) + (-6)/7. Calculate the remainder when 18 is divided by r(y).
3
Let n = -62 + 87. Calculate the remainder when n is divided by 14.
11
Suppose 3*w - 2*d = -d - 1, -25 = 5*d. Let o = w + -2. Let i = o + 5. Calculate the remainder when i is divided by 1.
0
Let j be 0/((2 - 0) + -1). Suppose 12 = 2*p - j. Suppose -2*h + 32 + 3 = 3*w, 4*h = w + 63. What is the remainder when h is divided by p?
4
Let w be (-4)/(-8)*4/(-1). Let m be w/10 - (-213)/15. Calculate the remainder when 32 is divided by m + 1/(-2)*6.
10
Let c = 12 + -8. Suppose 4*y = -a - 2, 14 = 2*a + y - 2*y. What is the remainder when c is divided by a*-3*1/(-9)?
0
Let a(s) = s - 4. Let l be a(6). Suppose 0 = -l*h + h + 3*g + 12, 4*g + 9 = h. What is the remainder when h is divided by 11?
10
Let q(i) = -i**3 + 5*i**2 + 11*i - 12. Calculate the remainder when q(5) is divided by 15.
13
Let b(m) be the third derivative of -m**5/60 + m**4/24 + m**3 + 2*m**2. Calculate the remainder when 22 is divided by b(0).
4
Let r be (-6)/4*(-1 - -3). Calculate the remainder when (-58)/(-4) - r/(-6) is divided by (-2)/(-1 - 3/(-4)).
6
Let z(v) = 12*v**2 - v + 2. Calculate the remainder when z(-2) is divided by 6/4 - (-175)/14.
10
Calculate the remainder when 37 is divided by (3/6)/(1/20).
7
Suppose -5*i + 75 = 5*z, -2*i = -i - 4*z - 30. Suppose -i = -4*j + 34. Calculate the remainder when j is divided by 4.
1
Suppose 3*k + 23 = -22. Let c(a) = a**3 - 2*a**2 + 2. Calculate the remainder when (k/(-6) + -2)*10 is divided by c(2).
1
Let m(q) = 9*q - 4. Let s(j) = -10*j + 5. Let i(r) = 7*m(r) + 6*s(r). What is the remainder when 44 is divided by i(7)?
21
Let j(d) = -d**2 + 7*d + 21. What is the remainder when j(5) is divided by 16?
15
Suppose 9 = 2*s + s. Suppose 110 = s*o + 2*o. Calculate the remainder when 1 is divided by 27/33 + 4/o.
0
Let z(b) = -b**3 + 7*b**2 + 8*b + 10. Let n be 140/18 + (-2)/(-9). Calculate the remainder when z(n) is divided by 3.
1
Let s(t) = -3*t + 12. Calculate the remainder when 42 is divided by s(0).
6
Suppose -2*h - 132 = -6*h. Suppose 0*n + 3*n - h = 0. Let v(s) = -5*s**3 + s. Calculate the remainder when n is divided by v(-1).
3
Suppose -4*w = -62 + 2. Let r(f) = -f**3 - 11*f**2 - 14*f + 2. What is the remainder when r(-10) is divided by w?
12
Let x = 124 - -52. What is the remainder when 22 is divided by (-2)/(-3) - x/(-24)?
6
Let g(n) = -n**3 + 17*n**2 - 13*n - 9. Let f = 57 - 36. What is the remainder when g(16) is divided by f?
18
Let k(b) = b**3 + 5*b**2 + 2*b + 6. Let o be k(-4). Let t = -7 + o. Calculate the remainder when 13 is divided by t.
6
Suppose -5*s - 5*p - 21 = -241, 2*s - 91 = -5*p. Suppose 4*k = -k + 20. Suppose v + 2*y = 25, 4*v - 3*y - 41 = k. What is th